divided by q.
3
Let c = -68 - -70. Suppose 3*k + 2*k - 2*h - 75 = 0, 16 = 2*k + c*h. Calculate the remainder when 61 is divided by k.
9
Suppose 3*c = -5*i + 1133, -4*c - 43*i = -42*i - 1522. Calculate the remainder when c is divided by 353.
28
Suppose -23*h + 20 = -28*h. Calculate the remainder when (-2)/h*38 - -2 is divided by 7.
0
Let v be -4 - (-17 - (3 - 2)). Suppose v*d = 18*d - 1316. Suppose -6*b + d + 49 = 0. What is the remainder when b is divided by 14?
7
Let l = -14429 + 14448. What is the remainder when 2088 is divided by l?
17
What is the remainder when 126 is divided by (22/4)/((-53)/(-1060))?
16
Suppose -979*g + 856*g = -13038. What is the remainder when 799 is divided by g?
57
Suppose 0 = 3*i - 4*k - 28, -2*k + 8 = -2. Suppose -2*n + 7*n - 55 = 0. Suppose -i*c + 105 = -n*c. What is the remainder when 83 is divided by c?
20
Suppose 120*u - 132*u + 904 + 164 = 0. What is the remainder when 176 is divided by u?
87
Let i(k) = k**2 + 1. Suppose 0 = -6*q + 11*q. Suppose q = 5*p - 186 - 49. What is the remainder when p is divided by i(5)?
21
Let l(d) = d**2 - 243*d + 12345. Suppose -3*u - 4*w = 2*u - 421, -3*u = 4*w - 259. What is the remainder when u is divided by l(72)?
15
Let s(h) = -h - 1. Let r be s(-2). Let o be (355/(-15))/(r/(-15)). Suppose 103*c = 98*c + o. Calculate the remainder when c is divided by 15.
11
Let k be (5 - (1 - -2))/(1/5). Suppose k = 5*v, 15*m + 4*v - 223 = 10*m. What is the remainder when 120 is divided by m?
34
Suppose 1310 = 3*h - 4*k, 90*h + k = 85*h + 2168. Calculate the remainder when h is divided by 88.
82
Let d(r) = -r**2 + 93*r - 1767. Calculate the remainder when d(27) is divided by 8.
7
What is the remainder when (-176)/32*(-1690)/5 is divided by 124?
123
Let y = 252 + 57. Let u = y - 155. Calculate the remainder when u is divided by 32.
26
What is the remainder when 356 is divided by ((-8)/(-18))/((-102)/(-459)) - -167?
18
Let o = -4149 + 4485. Calculate the remainder when o is divided by 15.
6
Let d be (2/(-4)*-2)/((-2)/(-8)). Calculate the remainder when 25 is divided by 1980/120 - 2/d*-1.
8
Suppose -2*s + 4*w = -772 - 104, -s = -4*w - 450. Calculate the remainder when s is divided by 10.
6
Let j be 3 - (-3 + (0 - -7)). What is the remainder when (-25)/((-50)/56) + (-1 - -5) is divided by 4 + 1 + (j - -1)?
2
Suppose -3*j - j + 152 = 0. Let x = j - 36. What is the remainder when 13 is divided by (2/(-4))/(3/x)*-9?
1
Let y be ((-525)/(-5))/3 - 0/1. What is the remainder when 48 is divided by -7 - 7/(y/(-165))?
22
What is the remainder when 5182 is divided by ((-4 + 4/4)*-1)/((-3)/(-179))?
170
Let m = 42 + -29. Suppose 2*p + 5*j - 160 = j, 410 = 5*p + 5*j. Suppose -w + 102 = 3*q - 95, q = -4*w + p. What is the remainder when q is divided by m?
12
Let z = 134 - 92. Suppose 84*i = 667 + 89. Calculate the remainder when z is divided by i.
6
What is the remainder when 1 + 10/(-6) + (-6664)/(-42) is divided by 10?
8
Suppose 4*k = -3*j + 3027, 272*k - 5*j = 276*k - 3029. Calculate the remainder when k is divided by 72.
36
Let s be (-13 - -17) + -14*1. What is the remainder when 41 is divided by s/25*5 - -32?
11
Suppose -19*d + 6 = -22*d. Suppose -4*q = -3*l - 145, 0 = q + 8*l - 3*l - 42. What is the remainder when q is divided by d + (-34)/(-5)*(-60)/(-24)?
7
Let q = -637 - -34. Let h = -308 - q. Suppose 0 = 9*w - h + 7. What is the remainder when 94 is divided by w?
30
Suppose 0 = t - 0*t - n - 344, -4*n + 364 = t. Calculate the remainder when t is divided by 25.
23
Suppose -13*f + 12*f + 660 = 0. Calculate the remainder when 98 is divided by ((-2)/(-6))/(20/f).
10
Calculate the remainder when 119 is divided by -120 - -151 - (2 + 8).
14
Suppose -12*t + 78 = -54. Calculate the remainder when 54808/238 + (-4)/14 is divided by t.
10
Let z = -22133 - -22150. Let s = 14 - 10. What is the remainder when z is divided by s?
1
Suppose -5*p + 4*w + 532 = 192, 3*w + 68 = p. What is the remainder when 4891 is divided by p?
63
Let f(k) = 2*k**2 - 18*k + 12. Let o be ((-12)/(-8))/((-4)/(-88)). Suppose 12 = -3*w + o. What is the remainder when f(9) is divided by w?
5
Calculate the remainder when 2187 is divided by -5 + ((-9)/(-1) - (-2 - 192)).
9
Let g(o) = 2*o**3 + 2*o**2 - 4*o + 3. Let u be g(2). Let r(v) = 6*v - 31. Let z be r(10). Let s = z - u. Calculate the remainder when s is divided by 6.
4
Let p(o) = -o**3 - 11*o**2 + 26*o - 11. Let v be p(-13). Let b = -3 - v. Suppose 13*c = b*c + 100. Calculate the remainder when 97 is divided by c.
17
Suppose 42*i + 96*i + 80*i - 6322 = 0. Suppose -3*a + 920 = a. What is the remainder when a is divided by i?
27
Let o(n) = 10*n + 23. Calculate the remainder when o(25) is divided by 47.
38
Let m(j) = j**3 + 9*j**2 + 7*j. Let a be m(-8). Suppose 623*o = 3*h + 621*o - 86, -4*o = 3*h - 62. What is the remainder when 1496/32 + 2/a is divided by h?
21
What is the remainder when 731 is divided by (-10)/20*(2/(-2) - 97)?
45
Let u(b) = -181*b - 120 + 85*b + 89*b. Let g = -93 - -131. What is the remainder when g is divided by u(-19)?
12
Suppose -4*p + 3*p + 4*x = -20, 0 = -4*p - 5*x + 185. What is the remainder when 391 is divided by p?
31
Let g(o) = -98*o - 8497. Calculate the remainder when 3204 is divided by g(-87).
14
Let j be (-18)/90 + (-4199)/5. Let g = -829 - j. Calculate the remainder when 53 is divided by g.
9
Calculate the remainder when 7723 is divided by (14/(-6) - (-2 - 1))*(59 + -14).
13
Suppose 120*r - 21060 = 110*r. Calculate the remainder when r is divided by 49.
48
Suppose 13634 = 48*k - 3838. Suppose -664 = -k*q + 356*q. Calculate the remainder when 579 is divided by q.
81
Let t = -73 - -94. Let u be -9*((-217)/t - (-2 + 2)). Let s = -77 + u. Calculate the remainder when 44 is divided by s.
12
Let t = -4625 + 4722. What is the remainder when 1653 is divided by t?
4
Let q(u) = -481*u + 2958. What is the remainder when 154 is divided by q(6)?
10
Let g(l) = l**2 + 6*l - 7. Let t be g(-3). Let n = t - -45. Calculate the remainder when 245 is divided by n.
13
Let p(h) = -12*h**2 - 23859 + h**3 - 4*h**2 + 23853 + 33*h. What is the remainder when 508 is divided by p(14)?
60
Let w(b) = -b**2 + 35*b - 50. Suppose q - 5*q = 2*t - 78, -t - 5*q = -48. Calculate the remainder when 190 is divided by w(t).
14
Let m(u) = 2*u**2. Let f be m(4). Suppose 0 = -2*i + 4*i - f. Let o(g) = 2*g**2 + 78*g + 368. What is the remainder when o(-5) is divided by i?
12
Let c be ((-3 - -1) + 271)/1. Let s = c - 142. Calculate the remainder when s is divided by 13.
10
Let u(i) = -31*i - 198. Suppose -4*h = 2*w + 9 + 5, 0 = -2*h - 10. Let o(g) = g**2 + 3*g - 4. What is the remainder when u(-8) is divided by o(w)?
8
Let s = -23 - -54. What is the remainder when (1472/(-80))/(8*(-6)/240) is divided by s?
30
Let z(s) = -70*s - 124. Let h be z(-5). Suppose -5*n - 1210 = -10*n + 5*d, -h = -n + 5*d. What is the remainder when n is divided by 23?
16
Let s = 7 + -5. Suppose 57 = p + s*p. Calculate the remainder when (12/(-30))/(2/(-270)) is divided by p.
16
Suppose -1094 = -5*w - 2*c, -3*w + 1050 = -4*c + 378. What is the remainder when 352/w*(-250)/(-4) is divided by 51?
49
Let n = -214209 - -214243. Suppose 4*a + 5 = 57. What is the remainder when n is divided by a?
8
Suppose 6*m + 654 = 3954. Suppose 722 = 4*p + 3*i, 5*p + 3*i = m + 354. Calculate the remainder when p is divided by (-2)/(-9) + 1324/36.
34
Let u = -2664 + 2738. Suppose -11*g + 1944 = -2*g. Calculate the remainder when g is divided by u.
68
Let b be 2/(-9) + (-196)/252 + 1. Suppose b = 3*l - 588 + 117. What is the remainder when l is divided by 20?
17
Suppose -137808 = -92*j + 4*j. Calculate the remainder when j is divided by 28.
26
Suppose -3*l + 12 = -9. Let v be (-5 + 36/8)*0. Calculate the remainder when (v + 1)/(14/462) is divided by l.
5
Suppose -53 = -r + 3*m, 23*r = 26*r - m - 135. What is the remainder when 65 is divided by r?
21
What is the remainder when 1066 is divided by (-10528)/(-10) + (120/20)/30?
13
Let r(c) = -21*c + 13*c**2 - 81 + 28*c - 12*c**2. Let s(l) = l**2 - 2*l + 5. What is the remainder when r(-16) is divided by s(4)?
11
Suppose 13*s - 108396 = -39*s + 16*s. What is the remainder when s is divided by 72?
59
Suppose 2*z + n = 19, 1 = -2*z - 4*n + 11. Let j = -18 + 24. Let r = j + z. Calculate the remainder w